 of 102 and 50966.
34
What is the highest common divisor of 930512 and 2312?
136
Calculate the highest common factor of 298923 and 2220.
111
Calculate the highest common factor of 59711 and 58.
29
Calculate the highest common factor of 16514 and 161.
23
Calculate the highest common factor of 1738 and 44.
22
Calculate the greatest common factor of 47804 and 340.
68
What is the greatest common factor of 1052 and 178051?
263
Calculate the highest common factor of 23716 and 347512.
484
Calculate the highest common divisor of 72 and 2914776.
72
Calculate the greatest common factor of 225 and 998805.
15
Calculate the highest common divisor of 873 and 11325429.
873
Calculate the greatest common factor of 1166518 and 218.
218
Calculate the greatest common divisor of 1587 and 4416.
69
Calculate the highest common factor of 483849 and 555.
111
Calculate the greatest common divisor of 77552 and 20128.
592
Calculate the greatest common factor of 615528 and 206.
206
What is the highest common factor of 71925 and 6650?
175
What is the greatest common divisor of 2574 and 204534?
198
Calculate the greatest common divisor of 107 and 537461.
107
What is the greatest common divisor of 362846 and 44?
22
What is the greatest common factor of 2295 and 3162?
51
Calculate the greatest common divisor of 16350 and 726.
6
Calculate the highest common divisor of 234 and 40833.
117
Calculate the highest common divisor of 195 and 16705.
65
Calculate the greatest common factor of 1786240 and 90.
10
Calculate the highest common divisor of 20 and 135.
5
Calculate the highest common divisor of 4 and 3643.
1
Calculate the greatest common divisor of 1029 and 1449.
21
Calculate the greatest common factor of 9106 and 10.
2
Calculate the highest common divisor of 7254 and 4602.
78
What is the greatest common factor of 665469 and 33075?
1323
Calculate the highest common factor of 644 and 551586.
322
What is the highest common factor of 1620 and 3708?
36
What is the highest common factor of 8 and 132584?
8
What is the highest common divisor of 609460 and 310?
310
What is the greatest common divisor of 470092 and 1304?
652
Calculate the highest common factor of 120 and 24630.
30
Calculate the greatest common divisor of 412351 and 531.
59
What is the greatest common factor of 115 and 62882?
23
What is the greatest common divisor of 76 and 10894030?
38
What is the highest common divisor of 428243 and 29?
29
What is the highest common factor of 3997 and 14?
7
What is the highest common divisor of 7488 and 668736?
576
Calculate the highest common divisor of 120756 and 232.
116
What is the greatest common factor of 632835 and 405?
45
Calculate the greatest common factor of 9780 and 180.
60
What is the greatest common divisor of 660681 and 18?
9
Calculate the greatest common divisor of 43272 and 54.
18
Calculate the greatest common factor of 16 and 210776.
8
Calculate the highest common factor of 186826 and 872.
218
What is the highest common factor of 924 and 289520?
308
Calculate the highest common factor of 5719 and 4921.
133
Calculate the greatest common divisor of 58782 and 4.
2
What is the greatest common divisor of 37291 and 178?
89
Calculate the greatest common divisor of 146 and 492458.
146
Calculate the greatest common factor of 252518 and 476.
238
What is the greatest common divisor of 498 and 6384858?
498
Calculate the greatest common factor of 55994 and 4.
2
Calculate the greatest common factor of 100071 and 9.
9
Calculate the greatest common factor of 572 and 29040.
44
Calculate the greatest common divisor of 111776 and 12880.
112
What is the greatest common divisor of 492 and 390771?
123
Calculate the greatest common factor of 22 and 252637.
11
Calculate the greatest common factor of 428 and 3590492.
428
Calculate the greatest common factor of 473 and 803.
11
What is the greatest common divisor of 361790 and 8954?
242
What is the highest common divisor of 186719 and 542?
271
Calculate the highest common factor of 8092 and 9156.
28
What is the highest common factor of 12 and 391036?
4
Calculate the highest common divisor of 240 and 3216.
48
What is the greatest common factor of 479518 and 208?
26
What is the highest common factor of 960 and 16980?
60
What is the greatest common factor of 1948744 and 20?
4
What is the greatest common factor of 30 and 4660?
10
What is the highest common divisor of 268 and 392?
4
What is the greatest common divisor of 215 and 370445?
215
What is the greatest common divisor of 54 and 51462?
54
What is the highest common factor of 14 and 468398?
14
What is the highest common divisor of 2380 and 2030?
70
What is the greatest common factor of 20 and 9318940?
20
What is the greatest common factor of 375276 and 12?
12
What is the highest common factor of 43954 and 14?
2
What is the greatest common factor of 27493 and 3?
1
What is the highest common divisor of 370 and 2632550?
370
Calculate the highest common divisor of 2607 and 801218.
869
Calculate the greatest common factor of 10 and 1205.
5
Calculate the greatest common factor of 20811 and 21.
21
Calculate the greatest common divisor of 3945 and 1905.
15
What is the greatest common divisor of 436 and 69542?
218
What is the greatest common factor of 50 and 345910?
10
Calculate the highest common divisor of 97 and 281591.
97
Calculate the greatest common factor of 1088 and 13252.
4
What is the greatest common factor of 36 and 54819?
9
What is the highest common divisor of 1023 and 285?
3
What is the greatest common factor of 276 and 174?
6
What is the highest common factor of 436744 and 176?
88
Calculate the greatest common factor of 104363 and 6069.
119
What is the greatest common divisor of 90900 and 225?
225
Calculate the greatest common divisor of 304 and 11248.
304
Calculate the greatest common divisor of 2409 and 561.
33
What is the greatest common factor of 6403 and 361?
19
Calculate the greatest common factor of 100824 and 184.
8
What is the greatest common factor of 123467 and 311?
311
What is the highest common factor of 174616 and 73?
73
What is the greatest common factor of 1618260 and 672?
84
Calculate the greatest common factor of 187 and 5083.
17
What is the highest common divisor of 128 and 73088?
128
Calculate the greatest common factor of 19602 and 1107.
27
Calculate the highest common divisor of 8 and 103796.
4
What is the highest common divisor of 2508 and 3432?
132
Calculate the highest common divisor of 18 and 263234.
2
What is the highest common divisor of 96 and 4832?
32
Calculate the highest common divisor of 54 and 23688.
18
Calculate the greatest common divisor of 1968 and 97047.
123
Calculate the greatest common divisor of 5 and 39475.
5
What is the highest common divisor of 18888 and 24?
24
What is the greatest common divisor of 5190 and 171789?
519
What is the highest common factor of 856 and 157076?
428
Calculate the greatest common factor of 59967 and 36.
9
What is the highest common factor of 387 and 539564?
43
Calculate the greatest common factor of 305 and 774944.
61
What is the greatest common divisor of 258248 and 19?
19
What is the greatest common factor of 8008 and 7868?
28
Calculate the greatest common divisor of 351 and 8268.
39
Calculate the greatest common factor of 76 and 66614.
38
Calculate the highest common divisor of 5508 and 114.
6
Calculate the greatest common factor of 82492 and 164.
164
Calculate the highest common divisor of 1258 and 5389.
17
What is the greatest common factor of 22104 and 1032?
24
What is the greatest common factor of 19472 and 32?
16
Calculate the highest common factor of 933520 and 20.
20
Calculate the greatest common divisor of 568 and 749192.
568
Calculate the highest common divisor of 3886 and 80467.
67
Calculate the greatest common factor of 562166 and 198.
22
What is the highest common factor of 42746 and 28274?
134
Calculate the greatest common factor of 291375 and 95.
5
What is the greatest common divisor of 1226676 and 36?
12
Calculate the highest common divisor of 48498 and 9.
3
What is the highest common factor of 20 and 114060?
20
Calculate the highest common divisor of 89 and 41.
1
Calculate the highest common divisor of 25677 and 52939.
317
Calculate the highest common factor of 21299 and 3249.
361
Calculate the